5*p = -675. What is the hundreds digit of i?
1
Suppose 2*r - 5 - 5 = 0. Suppose 4*x + r*b = -15, -12 = -3*x + 4*x + 4*b. Let c(z) = z**3 + z**2 + z + 18. What is the units digit of c(x)?
8
Suppose -4 + 0 = 2*n - z, -n - 4*z = 11. Let f(h) be the third derivative of -h**4/24 + h**3 + 50*h**2. What is the units digit of f(n)?
9
Let m = -39 - -76. Let s = m + -34. Suppose 0 = -4*y + 2*r + 32, 2 - 10 = -2*y + s*r. What is the units digit of y?
0
Let a(m) = -4*m**3 + 3*m**2 - 3*m + 3. Let w be a(2). Let j be -1*w/(-1) + 2. What is the units digit of (5/3)/(-5)*j?
7
Let x(l) = 5*l + l - 6*l + 2 + 2*l. Let n be x(-7). What is the units digit of (1 - 0)/((-3)/n)?
4
Let i(w) = 4*w**2 - 2*w - 3. Let c(d) = -d - 1. Let u(p) = -4*c(p) + i(p). Let b be u(-1). Suppose -15 = b*l - 6*l. What is the units digit of l?
5
Suppose -2*q + 4*c = -2928, -3*q + 12*c = 7*c - 4390. What is the thousands digit of q?
1
Let l(j) = j**3 - 17*j**2 + 19*j + 12. Suppose 2*q - 36 + 4 = 0. What is the units digit of l(q)?
0
What is the tens digit of 287 + 5 - 6/1?
8
Suppose 2*p = c - 14, 25 = 5*c - 4*p - 51. Let h be (3 - -2)*c/(-40). What is the units digit of (h/8)/(-1)*116?
9
Suppose 12*h = 6948 + 12240. What is the tens digit of h?
9
Suppose 2*c = -5*x + 3*c - 6, -c = x. What is the units digit of 5/(-30) - (278/(-12) + x)?
4
Let u(g) be the third derivative of g**5/60 + g**4/3 + 5*g**3/6 - 7*g**2. Let h be u(-12). Suppose -111 = -4*s + m, -s + m + h = s. What is the tens digit of s?
2
Suppose 10 - 5 = k. Suppose 0 = -13*n + 294 + 1500. Suppose -3*q - k*v = -204, 2*q + 3*v + v - n = 0. What is the tens digit of q?
6
Let p be (-3 - 1)/4 - -1296. Let l be p/14 - 6/(-4). Let h = l + -39. What is the units digit of h?
5
Suppose -3*m - 2 = -2*m. Let q be 4/5*(-335)/m. Suppose -q = -2*p - 2*b, -2*p = b - 6*b - 148. What is the units digit of p?
9
Suppose -r - 267 = -i, 0 = -0*r + 5*r + 15. Suppose -2*b = 2*b - i. Suppose 0*s - b = -3*s. What is the tens digit of s?
2
Let f be 16/(-10)*3000/(-16). Suppose -7*s + 2*s + f = 0. What is the units digit of s?
0
Let r be 8/3 - 11/(-33). Let z be (r*(-9)/3)/1. Let v = z - -38. What is the tens digit of v?
2
Suppose -y + 9*b + 1174 = 13*b, 4756 = 4*y + b. What is the hundreds digit of y?
1
Let j(a) be the third derivative of a**5/30 + a**4/3 - 2*a**3/3 - a**2. Let i be j(7). Suppose f - 6*f = -i. What is the units digit of f?
0
Suppose 2*c - 3991 = 5*n, 0 = -24*c + 19*c - 5*n + 9890. What is the units digit of c?
3
Let b(z) = z**2 + z - 1. Let h be b(2). What is the units digit of 2/h*(65 + 5)?
8
Suppose -l + 0*l - 2*x + 12 = 0, -4*l + 4*x = 0. Suppose -2*v + 161 = 5*i, 0 = v - l*i + 29 - 142. What is the units digit of v?
3
Let u(f) = -f**2 - 3*f + 29. Let y be u(-12). Let l = y - -55. What is the tens digit of (-1)/(2/l) + 0?
1
Let o(p) = 10*p**3 + 2*p**2 - 12*p + 27. What is the tens digit of o(4)?
5
Suppose 4*a = 4*w - 168, -6*w + w - 5*a + 190 = 0. Suppose 8 = z + v, z + w = 6*z + 4*v. Suppose -3*g - g = -z. What is the units digit of g?
2
Let n be (3/6)/(1/(-2)). What is the units digit of (-11)/n - (-4 - -5)?
0
Let i = -24 + 26. Suppose -10*c + 160 = -i*c. What is the tens digit of c?
2
Let g(d) = 4*d + 34. Suppose 30 = 2*y + y. What is the units digit of g(y)?
4
Let n be (16/6)/(5/(-10620)). Let h be 6/27 + n/(-27). Suppose -2*d = d - h. What is the tens digit of d?
7
What is the units digit of (-12)/(-32) + 39543/24?
8
Suppose 7*s - 55 = 2*s. Suppose 24 = s*g - 7*g. Let h = g - -15. What is the units digit of h?
1
Suppose 3*i - 76 + 217 = 0. Let d = i - -155. What is the units digit of d?
8
Suppose 4*l - 2*j = 16054, -l + 28*j = 32*j - 4027. What is the thousands digit of l?
4
Let r = -1089 - -4491. What is the thousands digit of r?
3
Let w = 24 + -25. Let j(b) = -b + 2. Let g be j(-5). Let v = g - w. What is the units digit of v?
8
Let p(m) = -34*m - 118. What is the hundreds digit of p(-65)?
0
Let o = -2711 - -3938. What is the thousands digit of o?
1
Suppose -13*l + 1425 = -12199. What is the hundreds digit of l?
0
Let v = -680 + 1147. What is the units digit of v?
7
Let x(f) = 31*f. Let u be 7/(-7)*4/(-1). Let r be 2/(-4) + 6/u. What is the units digit of x(r)?
1
Suppose 2*w - 33 = 45. Suppose -5*b - 97 - w = -3*o, 2*o + 74 = -3*b. What is the units digit of (b + 0)*6/(-4)?
9
Suppose 0 = 13*z - 3749 - 1542. What is the tens digit of z?
0
Let o(m) = m**3 - 12*m**2 + 28*m - 15. What is the tens digit of o(14)?
6
Let v(a) = a**3 + 20*a**2 - 10*a - 57. What is the tens digit of v(-10)?
4
Let t = -348 - -145. What is the units digit of 58/t - (-1 - 102/14)?
8
Let b(c) = -4*c**2 + 2*c + 0*c**2 + 1 + 5*c**2. Let v be b(-3). Suppose 0 = -v*t - 5*p + 25 + 32, t = 5*p + 8. What is the units digit of t?
3
Let h(f) = 5*f**3 - 2*f**2 + 7*f - 6. Let m be h(1). What is the tens digit of (-10)/m*208/(-40)?
1
Suppose 0*m = -m. Let g(o) = -2*o - 2. Let f be g(-2). Suppose f*i + i - 69 = m. What is the units digit of i?
3
Suppose 4*h + 3*v - 6 = 0, -3*h + 9 + 2 = -v. Suppose 96 = 89*j - 77*j. Suppose -h*u + j = -u. What is the units digit of u?
4
Suppose -4*d + 5*z - 14 = 0, 4*d + 3*z - 1 = -31. Suppose 0 = -7*b - 0*b + 28. Let k = b - d. What is the tens digit of k?
1
Let l(a) = -108*a**2 - 3 + 110*a**2 - 15*a + 6. What is the hundreds digit of l(13)?
1
Let q = 33 - 14. Suppose -u + 9 = -q. What is the tens digit of u?
2
Let x = 119 + -56. Let k = x - -18. What is the tens digit of k?
8
Let h be (4 - 0)*(-9)/(-6). What is the tens digit of 2/8 - 1179/(-24)*h?
9
Let l(a) = a**2 + 14*a - 4. Let p be l(-14). Let h be 2*(1 + -2) - p. Suppose -h*y + 72 = 5*n, -2*y + y = -n - 50. What is the tens digit of y?
4
Let q be (((-2300)/(-15))/10)/((-4)/6). Let m = 20 - q. What is the tens digit of m?
4
Let p = -33 - -57. Suppose -q - 570 = -4*n, 4*n + 4*q - p = 556. What is the hundreds digit of n?
1
Suppose 0 = 9*i - 1172 - 583. Let r = i + -95. What is the tens digit of r?
0
Suppose b - d - 86 - 20 = 0, -3*b = -4*d - 321. Let p = b + 56. What is the tens digit of p?
5
Suppose 4*f + 5 = -2*i + 287, -3*f = -2*i + 254. Let s = i - 75. What is the tens digit of s?
5
Let o(c) = -32*c - 1239. What is the hundreds digit of o(-62)?
7
Suppose 13*y + 3*y = 3744. What is the units digit of y?
4
Let t(s) be the third derivative of -7*s**4/12 + 9*s**3/2 + 19*s**2. What is the hundreds digit of t(-11)?
1
Let s = 818 - 514. What is the units digit of s?
4
Let z be (3 - 1)*(-4)/(12/(-525)). Suppose -125 = -i + 2*u, 4*i - i - u = z. What is the hundreds digit of i?
1
What is the tens digit of 27700/140 - 2/(-14)?
9
Suppose a - 5 = 0, 3*a = -7*z + 4*z + 1776. What is the units digit of z?
7
What is the tens digit of (-3)/(1 + 70/(-69))?
0
Suppose 0 = 11*z - 104 - 655. What is the tens digit of z?
6
Let l be 2*1/5*(-50 - -40). What is the hundreds digit of (32/l)/((-2)/32)?
1
Let i(h) = h**2 - 16*h - 14. Let n be i(17). Suppose 2*b = c - n, -4*b + 0 = -4. Suppose c*l = l + 72. What is the units digit of l?
8
Suppose -4*i + 50 = -4*x + 18, -3*i + 5*x + 34 = 0. Let m be (-1 - 10)/(i/(-48)). Suppose -2*k = -2*d + 100, -3*d = d + 4*k - m. What is the tens digit of d?
4
Let o be 4/6 - (-846)/27. Suppose -40 - o = -4*m. What is the units digit of m?
8
Suppose 5*n - 4*r = r + 735, 0 = 4*n - 5*r - 583. Let d = 424 - n. What is the units digit of d/10 - (-7)/(-35)?
7
Let q be (-6)/(-4)*(-8)/(-3). Let c(a) = -a + a + q*a - 12 + 0*a. What is the tens digit of c(16)?
5
Let z(h) = -26*h + 289. What is the hundreds digit of z(-9)?
5
Let s(d) = d**2 + 3*d + 4. Let b(t) = 2*t**2 - 8*t + 3. Let o be b(3). Let w be s(o). What is the units digit of (-2 + w)*-1 + 7?
5
Let x(l) = -l + 20. Let n be x(18). Suppose 66 = n*i - 44. What is the tens digit of i?
5
Suppose -3 = -2*f + 3. Suppose -142 = 5*c + 4*o, 2*c + f*o - 13 = -67. Let m = -17 - c. What is the tens digit of m?
1
Let h = -30 - -45. Suppose -5*i + h = -0. What is the units digit of i?
3
Let k = -2 - 0. Let q be (6/(-5))/(k/(-80)). What is the tens digit of q/14*126/(-12)?
3
Let p(u) = 9*u**2 - 46*u + 11. What is the units digit of p(9)?
6
Suppose -3*t = 2*i, 6*t - 2*t + 23 = 5*i. Let z = i + 0. Suppose 2*k = z*d + 32 + 2, 4*k - 5*d - 64 = 0. What is the units digit of k?
1
Suppose 0*f = f + 2. Let s be (-4)/12*-3 + -11. What is t